**3 + 25*a**2 + a - 47. Let u(g) = -3*c(g) - 7*h(g). What is u(26)?
-5
Suppose -4*p + 63 - 11 = 0. Suppose p = 3*k + 10. Let a(w) = 16*w**2 + w - 12 + 6*w - 15*w**2 + k. Give a(-9).
7
Let h(n) = -18*n + 3. Suppose 10*t - 5*s = 6*t + 12, -3*s + 9 = 3*t. What is h(t)?
-51
Let o(l) = -71*l**3 - 9*l**2 - 9*l + 8. Let h(g) = -62*g**3 - 8*g**2 - 8*g + 7. Let p(m) = 8*h(m) - 7*o(m). Let j = -5 + 5. What is p(j)?
0
Let r(c) = -48879*c**3 + 1 + 2*c**2 + 48888*c**3 - 2. Calculate r(-1).
-8
Let i(j) = 2*j**3 - 2*j**2 + 4*j - 3. Let n(p) = -p**2 + 2*p - 17. Let h be n(-9). Let a = 196 + h. Let d be (-60)/a + 11/4. Give i(d).
13
Let o(p) be the third derivative of p**6/120 - 7*p**5/60 + p**4/12 - 2*p**3/3 - 6*p**2. Suppose -3*i + 6 = 22*i - 144. What is o(i)?
-28
Let n(r) = r**2 + r + 10. Let k be 10/(40/(-12))*8/3. Give n(k).
66
Let v(r) = r**2 - r**3 + 7*r**2 - 10*r**2 + 6 - 7*r - 4 + 5*r. Determine v(-2).
6
Let h(d) = -d**2 - 17*d + 6. Let n be ((-2516)/(-222))/(6/(-9)). Calculate h(n).
6
Suppose 21*x - 16*x - 10 = -5*o, -o - 13 = -2*x. Let n(t) = 9*t - 5. Let q(a) = 28*a - 16. Let s(i) = o*q(i) + 10*n(i). Give s(2).
10
Let t(d) be the third derivative of -d**5/24 + d**4/12 + 8*d**3 + 185*d**2. Let b(l) be the first derivative of t(l). Determine b(7).
-33
Let f(x) = 28*x - 9*x - 5*x**2 + 39 - 22 - 12*x. What is f(-2)?
-17
Let h(m) be the second derivative of m**5/10 - m**3/2 + m**2 + 2*m - 691. Calculate h(2).
12
Let t = -719 + 723. Suppose -32 = -k - 3*k. Let v be k + (-2*t/8 - 2). Let p(i) = i. Determine p(v).
5
Suppose -3*p = 5*t - 168, 5*p - 2*t + 120 = 369. Let x(j) = -63*j - 2*j**2 + 3 + 0 + p*j. Let v be x(-6). Let n(m) = m**3 - 2*m**2 + 4*m - 1. Calculate n(v).
20
Let y(q) be the second derivative of -13*q**3/3 + 67*q**2/2 + 2*q + 1318. Give y(3).
-11
Let h(p) be the third derivative of -p**6/120 + p**5/12 + p**4/6 - 5*p**3/2 + 31*p**2 + 5. What is h(7)?
-85
Let s = 55 + -77. Let p = 30 + s. Let l(b) = b**2 - 7*b - 6. What is l(p)?
2
Let x be -9 + 1 + (-6 - -8). Let n be x/(-4)*-1*-6. Suppose -20 = 4*u - n*u. Let g(y) = -y**2 + 3*y + 3. Calculate g(u).
-1
Suppose -1034 + 1040 = 2*u. Let b(o) be the second derivative of 0*o**u + 0 + 3*o - 11/12*o**4 + 1/2*o**2. Calculate b(-1).
-10
Let i(z) = z + 7. Suppose g - 423 = 2*o, -4*o - 2133 = -4*g - g. Suppose 18*v + 21*v = -g. Give i(v).
-4
Suppose -5*o + 1 + 4 = 0. Let c(u) = 0*u + o + 10*u + 0 - 2*u. Let v(f) = 9*f + 55. Let k be v(-6). Calculate c(k).
9
Let i(u) = 67*u - 202. Suppose -108*q + 92 + 232 = 0. Calculate i(q).
-1
Let r(o) be the second derivative of -o**3 + 31*o**2/2 + 279*o. What is r(6)?
-5
Let m(k) be the first derivative of -k**4/4 + 11*k**3/3 - 3*k**2/2 + 7*k - 845. What is m(11)?
-26
Let a(g) = -g**2 + 6*g + 6. Suppose 0 = -3*q - 8 + 23, -4 = l - 2*q. Let f be a(l). Let j(i) = -i**3 + 7*i**2 - 5*i - 6. Determine j(f).
0
Let g(v) be the third derivative of -v**6/120 + v**5/30 - 281*v**2. Let x = 14 + -10. Let o be 2*3/12*x. Determine g(o).
0
Let s(k) = -2*k**2 + 4*k + 156. Suppose 177*f + 1080 = 285*f. What is s(f)?
-4
Let d(g) be the second derivative of -1/3*g**3 + 0 - 1/12*g**4 - 127*g + 3/2*g**2. Give d(3).
-12
Let f(l) = -l**2 + 4*l + 7. Suppose 5*p - 2*m + 5 = 0, 2*p + 17*m - 13*m = -26. Calculate f(p).
-14
Suppose 90 = 2*a + 3*a. Suppose 0*v - v = -5*m + a, -3*m + 43 = 4*v. Let i(l) = 7 - 9*l - 6*l - 3 - l + 15*l. What is i(v)?
-3
Let s(t) = t**2 - 7*t + 5. Suppose -3 + 5 = 2*g. Let x be g/2 - 11/(-2). Suppose x*h + 1 = 31. Give s(h).
-5
Let j(p) = -p. Let z(l) be the third derivative of l**6/120 + l**5/30 - 5*l**4/12 - 8*l**3/3 + 13*l**2 + l. Let c be z(-3). What is j(c)?
-5
Let t(y) = y + 6. Let h be t(-6). Suppose 4 = -h*b - b. Let j(w) = 5*w**2 - w - 4*w**3 + 29 + 5*w**3 - 30 + 4*w. Calculate j(b).
3
Let d(v) be the first derivative of -22*v**2 - v + 1193. Calculate d(-1).
43
Let v(y) = -y + 7. Let p be (-10)/(-25) - 1/(5/(-38)). Suppose -4*g - 4 - 43 = 5*d, -4*g - 35 = d. Let q = g + p. What is v(q)?
7
Let a(r) = -r**2. Let n(y) = -2*y**2 - 12*y - 15. Let b(i) = -3*a(i) + n(i). Let q = -743 - -815. Suppose 3 - q = -5*j + 4*c, -4*j = -2*c - 54. Calculate b(j).
-2
Let z = -6414 - -6413. Let h(a) = 53*a + 35. Determine h(z).
-18
Let z(g) = 70*g + 285. Let s be z(-4). Let d(w) = -w**3 + 3*w**2 + 6*w - 5. Determine d(s).
-25
Suppose u = 4*z - 3*z + 5, z = -3*u + 3. Suppose -u = -2*v + 2. Let d(a) = -4*a - 1 + 2*a**2 - 3*a**v + a**3 - 5*a**2 + 2*a**2. Give d(4).
-17
Let p be 3/(2 + -3 + 14/8). Let g(h) = 6*h - 8. Let f(n) be the third derivative of -7*n**4/24 + 5*n**3/3 - n**2. Let k(q) = p*g(q) + 3*f(q). Determine k(-4).
-14
Let u(c) = 4*c**2 - 2*c - 21. Let v be u(3). Suppose 208 = h + 3*h. Let k(z) = v*z - 2*z**2 - h + 3*z**2 + 63. Determine k(-8).
3
Suppose f = -2*s - 20, 5*s + 56 = -10*f + 6*f. Let w be -4 - (s/4 + 2). Let g(r) be the third derivative of -r**5/60 + r**4/24 + r**3/2 - r**2. Determine g(w).
-17
Let v(m) = 165*m - 10. Let w be v(0). Let d(z) be the third derivative of z**4/12 - 22*z**2. Calculate d(w).
-20
Suppose 0*z - 4*z - 2 = -2*r, -23 = -3*r - 4*z. Suppose r*m - 40 = -2*l + 7*l, -l = -3*m + 10. Let v(q) = -q**2 - 7*q - 1. What is v(l)?
-1
Let h(d) be the first derivative of -3*d**4/2 + 2*d**3/3 - 6*d + 155. Determine h(0).
-6
Let g(n) = 2*n - 2. Let t(v) = v + 3. Suppose 0 = 9*c - 8*c - 1. Let i(m) = c*t(m) + g(m). Let k(x) = -x**3 + 2*x**2 + 3*x + 1. Let p be k(3). Calculate i(p).
4
Let d(g) be the first derivative of -g**3/3 + 10*g**2 - 29*g - 1. Let n(q) = q**3 - 10*q**2 + 32*q - 15. Let z be n(3). What is d(z)?
7
Let d(i) be the second derivative of i**4/12 - 2*i**3/3 + i**2 + 2*i. Suppose 11*z - 115*s = -112*s + 53, 0 = -2*s - 6. Give d(z).
2
Let j(v) = v**3 + 14*v**2 + 25*v - 9. Let u(r) = -69*r - 12. Let f be u(0). Determine j(f).
-21
Let n(u) = 2*u**2 + 4*u + 1. Let t be (104/39)/((-2)/3). Let c be (4/(-2) + 1)/(t/20). Suppose -3*f - 21 = 4*d, c + 1 = -5*d + 3*f. Determine n(d).
7
Let q = -735 + 787. Let b(w) = q*w + 62*w - 112*w - 18. What is b(11)?
4
Let z(q) = 20*q - 34. Let o(a) = -4*a + 7. Let j(f) = -16*o(f) - 3*z(f). Let u = 205 - 200. Suppose i = -x + 11, 9*i + u*x = 6*i + 41. Calculate j(i).
18
Let b be 203/63 + 6/(-54)*56 + 6. Let a(z) = -15*z + 9. Give a(b).
-36
Suppose 0*x - 4 = -2*x. Suppose 1 - 5 = x*m. Let d(a) = -2 - 10*a**2 - 1 - 69*a + 8*a**2 + 66*a + a**2. Calculate d(m).
-1
Let i(f) = 4*f + 277*f**2 - 138*f**2 + 1 + 1 - 140*f**2. Suppose -2*v + 2*r - 3*r = -13, 3*r + 1 = 4*v. Give i(v).
2
Let s(p) = 2*p - 9. Let b = -795 + 494. Let u = -295 - b. Give s(u).
3
Let y(c) = 9 + 45*c + 7 - 11 + 0 - 50*c. Calculate y(6).
-25
Let t = -283 + 287. Let o(b) = -b**2 + 6*b - 3. Let f be o(5). Suppose -f*g - t = 8. Let l(m) = 2*m + 5. What is l(g)?
-7
Let u(q) = q**3 - 15*q**2 + 6*q + 106. Suppose 0 = -30*f - 15*f - 30*f + 1050. Calculate u(f).
-6
Let z(p) = -2*p**2 - 11*p - 8. Let n(q) = 12*q + 3*q**2 + 66 + 60 - 118. Let j(v) = -4*n(v) - 5*z(v). Suppose 4 = g - 2. Determine j(g).
-22
Suppose -4*n = 5*x - 15, -4*n + 5*x = -2*n + 45. Let i(t) = t**3 + 2*t**2 - 7*t + 10. Calculate i(n).
-30
Let c(j) be the second derivative of -j**3/3 + 67*j**2/2 + 363*j - 5. Calculate c(31).
5
Let o(v) = -6*v**3 - v**2 - 2*v - 1. Suppose 5*y + 191 = -4*a, 33 = -3*a + 2*y - 116. Let b = 21 + a. Let n be -4 + -4 + b/(-4). What is o(n)?
6
Let t(k) = -6*k - 57. Let x be 0/(390/(-117) - 15/9). Give t(x).
-57
Let a(n) = -2 - 4*n**3 - 2*n + 2*n**2 - 5*n**2 + 3*n**3. Suppose -7*l - 25 = -2*l, 2*t = 3*l + 945. Suppose 462*i = t*i + 12. Determine a(i).
22
Let c(h) be the third derivative of -h**5/120 + h**4/3 + 44*h**3 + 17*h**2. Let u(q) be the first derivative of c(q). Calculate u(5).
3
Let x(p) be the first derivative of -p**2 + 27*p + 1028. Calculate x(-25).
77
Let r(v) be the third derivative of v**5/60 - v**4/4 + v**3/2 - 26*v**2. Let d(i) = 6*i - 103. Let s be d(18). Determine r(s).
-2
Suppose 3*y - y - 8 = 4*i, 2*i = -6. Let f(l) = -8*l**2 - 3*l + 4. Let k(w) = w**2 + w - 2. Let m(v) = f(v) + 3*k(v). Give m(y).
-22
Let l(b) = 2*b**2 - 397*b - 2650. Let z be l(205). Let d(h) = -h + 18. What is d(z)?
3
Let w(h) = -h**2 + 33*h - 127. Let x = 8565 - 8536. Calculate w(x).
-11
Let b(n) = 53*n**3 + 22*n**2 - 6*n + 8. Let u(m) = 16*m**3 + 7*m**2 - 2*m + 3. Let 